+ 0*u - 3*a = 86, -3*a + f = 0. What are the prime factors of u?
89
Suppose 85*o - 1481024 + 1203187 - 1523143 = 0. What are the prime factors of o?
2, 5297
Let z be (-13198)/(-18) - (-18)/(-567)*7. Let h = z + -282. What are the prime factors of h?
11, 41
Suppose 0*j = 10*j - 160. Let b(w) = 63*w - 255. List the prime factors of b(j).
3, 251
Suppose -3*w + 80 + 178 = 0. Let f = w + 1068. List the prime factors of f.
2, 577
Let y(g) = -22. Let k(d) = -d + 21. Let f(z) = 6*k(z) + 4*y(z). Let r be f(6). Suppose r*a = 17 + 9. List the prime factors of a.
13
Let q be (1 - 4/6)/(10/90). Suppose -5*h - 26 = -h - 2*x, 0 = q*h + 3*x + 6. List the prime factors of h - 186/((-4)/4).
181
Let l(g) = 19*g + 113. Let f be l(-5). Suppose -16*w - 211 = -f*w - 5*y, 0 = 2*w - 3*y - 187. What are the prime factors of w?
2, 7
Suppose 5310 = -17*v + 19*v + 4*f, -v + 2613 = -5*f. List the prime factors of v.
3, 881
Let v(u) be the first derivative of u**3/3 - 4*u**2 + 480*u + 62. List the prime factors of v(0).
2, 3, 5
Let i be (-147)/(-36) + (9 - (-109)/(-12)). Suppose i*m - 684 = 5712. List the prime factors of m.
3, 13, 41
Suppose -z - 3*c + 3051 = 0, -3*c - 9114 = -3*z + c. Suppose -41*l + 18704 = z. What are the prime factors of l?
2, 191
List the prime factors of ((-14921766)/4110)/(3/(-10)*1).
2, 3, 2017
Let s(d) = d**2 + 7*d - 39. Let u be s(-11). Suppose -5*j = 3*i - i - 26, -u*i + 98 = -4*j. List the prime factors of i.
2, 3
Let x(p) = -p**3 - 2*p**2 - 2*p. Let j be x(-3). Let a(v) = v**3 - 15*v**2 + 3*v + 22. What are the prime factors of a(j)?
67
Let u = -20 + 22. Suppose u*g = -13*g + 6015. What are the prime factors of g?
401
What are the prime factors of 16984*(-308)/(-231)*(15/6 + -1)?
2, 11, 193
Suppose -18 = 3*z, -7*i - 2*z = -9*i + 26122. What are the prime factors of i?
5, 7, 373
Let d(y) = -y**3 + 3*y**3 - 58*y + 33*y**2 + 75 - 3*y**3. List the prime factors of d(31).
199
Suppose 433 = -4*f - 3*m + 2417, 0 = -m + 4. Suppose 547 + f = 4*w. List the prime factors of w.
2, 5, 13
Suppose 10*k = -32*k + 175056. Suppose 0 = 24*p + k - 23176. List the prime factors of p.
2, 3, 11
Let n(x) = 4*x - 15. Let w be n(5). Suppose -72 = -11*z + w*z. Let j(b) = 9*b + 3. List the prime factors of j(z).
3, 37
Let x = 138719 + -56050. What are the prime factors of x?
19, 229
Let j = -5404 - -8015. What are the prime factors of j?
7, 373
Let z = 100 + -100. Suppose o - 1389 = -2*k - z*k, -2*o - 6 = 0. List the prime factors of k.
2, 3, 29
Let k(t) = -t**3 - 80*t**2 - 133*t - 909. What are the prime factors of k(-81)?
3, 5, 73
List the prime factors of (-3 + 3270/(-4)*-1)/(1/4).
2, 3, 181
Let s be (-156)/(-91)*(-42)/(-4). Suppose 0*k - s = 9*k. What are the prime factors of (-8)/k - (-243 - (-1 - -4))?
2, 5
Let y be 0 - (42/6 + -12). Suppose -4*a - 3*q = -1686, y*a + 4*q - 769 - 1339 = 0. What are the prime factors of a?
2, 3, 5, 7
Let w(k) be the first derivative of 34*k**3/3 + k**2 - 9*k + 115. List the prime factors of w(5).
23, 37
Suppose -393 = 2*i - 1369. Let g = -35 + i. What are the prime factors of g?
3, 151
Suppose 2*f - 1532 = -394. List the prime factors of f.
569
Let u = 85 - 214. Let z = -17 - u. List the prime factors of z.
2, 7
Let k be -3 + 46 - (-2)/(-2). Let l = k + 63. What are the prime factors of 1 + l - 60/(-12)?
3, 37
Let i(w) = w**3 + 7*w**2 + w + 12. Let p be i(-7). Suppose 811 = 5*f + 3*c - 1132, p*f - 1938 = 2*c. What are the prime factors of f?
2, 97
Let z(d) = -113*d + 18. Suppose -14 = 4*w + 2*y, 3*w + 28 = 2*y - 0*y. List the prime factors of z(w).
2, 3, 29
Let a be (-11)/(-4) - 3/(-144)*12. Suppose -5*g = -10 - 10. Suppose a*j + k - 155 = 0, k + k + 200 = g*j. List the prime factors of j.
3, 17
Suppose -27*d = -26*d - 15. Let o(w) = 6 + 16*w - d*w + 12. List the prime factors of o(10).
2, 7
Let a = -18 - -22. Suppose s = 5*f + a*s + 1609, -4*s + 628 = -2*f. Let r = 476 + f. List the prime factors of r.
2, 3, 13
Suppose -1848*a + 1834*a + 274806 = 0. List the prime factors of a.
3, 727
Suppose -3*g - 110*u = -113*u - 31770, 0 = 3*g + 3*u - 31728. What are the prime factors of g?
19, 557
Suppose -2*w + 9*w - 7 = 0. Let a be 21/(-2)*24/(-84). Suppose -w + a = r. List the prime factors of r.
2
Let j(o) = 101*o**3 - 5*o**2 + 59*o - 188. List the prime factors of j(5).
7, 1801
Let v(t) = -2*t**3 + 91*t**2 - 118*t + 104. List the prime factors of v(40).
2, 3, 541
Suppose -5*y + 6723 = 4*g, 2*y + 1356 = 3*y - 3*g. Suppose 13*c - y = 187. List the prime factors of c.
2, 59
Let p(i) = -14*i + 4. Suppose 259 = -4*m - 21. Let t = 68 + m. List the prime factors of p(t).
2
Let o = 506 - 492. Suppose 0*v + 224 = 4*v. Suppose 7*g - v = -o. List the prime factors of g.
2, 3
Let b(g) = 2*g - 13. Let a be b(9). Suppose 3 = -a*f - 2. What are the prime factors of (f - -85)/1 - -4?
2, 11
Let x = 13673 - 7308. List the prime factors of x.
5, 19, 67
Let n = 11371 + 34578. List the prime factors of n.
45949
Let x = 2588 + 352. Suppose 11*j - 16*j + x = 0. List the prime factors of j.
2, 3, 7
List the prime factors of (-6)/(-5) - 1171920/(-150).
2, 3907
Let k(g) be the first derivative of -43 + 4*g + 25/3*g**3 + 1/2*g**2. What are the prime factors of k(-3)?
2, 113
Let v(k) be the third derivative of 0 + 7*k**3 + 0*k - 1/4*k**4 - 16*k**2. What are the prime factors of v(-14)?
2, 3, 7
Let w(b) = b**2 + 17*b - 10. Let o be w(-18). Let q be o/4 + 3*88. Let g = q - 159. List the prime factors of g.
107
Suppose 44 = 23*n - 48. Suppose n*g + r = 332, -4*g + 398 - 66 = 5*r. What are the prime factors of g?
83
Let w(o) = 22*o**2 + 73*o + 967. What are the prime factors of w(-18)?
6781
Suppose 4*w - 4432 = -3*s, 4*s = 4*w + 3*s - 4416. Let h = w - 460. What are the prime factors of h?
3, 5, 43
List the prime factors of ((3 - 2)/(-5 + 22716/4542))/1.
757
Suppose 5*a - 3*k - 189397 = 0, a - 37881 = -57*k + 56*k. List the prime factors of a.
2, 5, 947
Suppose 6 = -2*k, -12 = 2*m + m + 5*k. What are the prime factors of (2 - m) + -6 + 769 + -6?
2, 379
Let x = -145 - -390. Let b = -34 - x. Let m = -148 - b. What are the prime factors of m?
131
Let b = -12446 - -19231. List the prime factors of b.
5, 23, 59
Let u = -73 + 85. Suppose -4*f = -u + 4. Suppose 0 = -4*p - f*p + 174. What are the prime factors of p?
29
Suppose 94*c - 715 = 93*c. Suppose 4*b - c = 425. What are the prime factors of b?
3, 5, 19
Suppose 14*m - 12*m + 3*x - 27756 = 0, -2*x = -m + 13878. What are the prime factors of m?
2, 3, 257
Let j be 2/4*(31 - 31). Suppose j = -5*x - 0*x + 3815. Suppose 0 = 5*l - a + 5*a - x, -l + 170 = -5*a. List the prime factors of l.
5, 31
Suppose 0 = -3*t - 220 + 223. Suppose 5*g + 4*q = -46, 0 = -3*g - 3*q - q - 34. What are the prime factors of (t - 3/g)*100/30?
5
Let m(j) = -7*j + 85. Suppose -20 = 4*p, l + 5*p + 27 = 2*l. Suppose 0 = -u + x + 5 - 0, 0 = u + l*x + 10. List the prime factors of m(u).
5, 17
Let a be 85/((-54)/(-54) - 2/1). Let j(i) = 176*i - 1. Let m be j(1). Let s = m + a. What are the prime factors of s?
2, 3, 5
Let b be (1 + -2 - -1)/(-21 + 23). Suppose b = -3*j - 128 + 2102. List the prime factors of j.
2, 7, 47
Let n = -68 - -70. Suppose 3*q - 427 = -n*w, -4*w + 3*q = -0*q - 899. List the prime factors of w.
13, 17
Let b(t) = 5*t**3 - 2*t**2 - 30*t + 213. What are the prime factors of b(14)?
13121
Let h(c) = c**3 + 6*c**2 - 3*c - 14. Let y be h(-6). Suppose 0 = y*n - m - 410, 6*m - 4*m = 5*n - 514. What are the prime factors of n?
2, 3, 17
Let t(w) = 2*w - 1. Let u(o) = 137*o - 85. Let g(b) = -6*t(b) + u(b). What are the prime factors of g(3)?
2, 37
Let a(d) = -d**2 + 31. Let g be 4 + (-13 - -2) + 0. Let t be a(g). What are the prime factors of ((-60)/t)/(1 + (-52)/54)?
2, 3, 5
Let k(f) = -f**2 - 22*f - 23. Let n be ((-116)/(-8))/((-2)/(-4)). Suppose 0 = i + n - 10. What are the prime factors of k(i)?
2, 17
Let y be (-2 + 1)*(-18 + 2 - -2). Suppose -y*r + 81 + 129 = 0. What are the prime factors of (-9)/r + (-5382)/(-45)?
7, 17
Let p(z) = -489*z + 4086. List the prime factors of p(-26).
2, 3, 5, 7
Suppose -9*j - 63 = -2*j. Let s be 12/j*(15 - 3). Let z(t) = -t**2 - 21*t + 52. What are the prime factors of z(s)?
2, 3, 11
Suppose -120 = 5*p + 2*a, -5*p + 5*a - 34 - 86 = 0. What are the prime factors of -5 - (p*352/12 + 3)?
2, 3, 29
List the prime f